{"id":13354,"date":"2025-02-06T15:34:04","date_gmt":"2025-02-06T14:34:04","guid":{"rendered":"https:\/\/profesordefrancesenmadrid.com\/?page_id=13354"},"modified":"2025-02-06T16:46:46","modified_gmt":"2025-02-06T15:46:46","slug":"dalf-c1-comprehension-orale","status":"publish","type":"page","link":"https:\/\/profesordefrancesenmadrid.com\/index.php\/delf-dalf-tcf\/dalf-c1-comprehension-orale\/","title":{"rendered":"DALF C1 &#8211; Compr\u00e9hension orale"},"content":{"rendered":"\n<h3 class=\"wp-block-heading\"><strong><a href=\"https:\/\/profesordefrancesenmadrid.com\/index.php\/2025\/02\/05\/conseils-et-ressources-pour-la-comprehension-orale-du-dalf-c1\/\" target=\"_blank\" rel=\"noreferrer noopener\">\u2192 DALF C1 \u2013 Conseils et ressources pour la compr\u00e9hension orale<\/a><\/strong><\/h3>\n\n\n<div class=\"wp-block-image\">\n<figure class=\"aligncenter size-full\"><a href=\"https:\/\/profesordefrancesenmadrid.com\/index.php\/2025\/02\/05\/conseils-et-ressources-pour-la-comprehension-orale-du-dalf-c1\/\" target=\"_blank\" rel=\" noreferrer noopener\"><img data-recalc-dims=\"1\" loading=\"lazy\" decoding=\"async\" width=\"790\" height=\"444\" src=\"https:\/\/i0.wp.com\/profesordefrancesenmadrid.com\/wp-content\/uploads\/2025\/01\/comprehension-orale-c1-couve.jpg?resize=790%2C444&#038;ssl=1\" alt=\"Exemple pour la production orale de l'examen de DALF C1 2025 avec PDF et corrig\u00e9 inclus (premi\u00e8re partie de la compr\u00e9hension).\" class=\"wp-image-13266\" srcset=\"https:\/\/i0.wp.com\/profesordefrancesenmadrid.com\/wp-content\/uploads\/2025\/01\/comprehension-orale-c1-couve.jpg?w=1024&amp;ssl=1 1024w, https:\/\/i0.wp.com\/profesordefrancesenmadrid.com\/wp-content\/uploads\/2025\/01\/comprehension-orale-c1-couve.jpg?resize=300%2C169&amp;ssl=1 300w, https:\/\/i0.wp.com\/profesordefrancesenmadrid.com\/wp-content\/uploads\/2025\/01\/comprehension-orale-c1-couve.jpg?resize=768%2C432&amp;ssl=1 768w\" sizes=\"auto, (max-width: 790px) 100vw, 790px\" \/><\/a><\/figure>\n<\/div>\n\n\n<hr class=\"wp-block-separator has-alpha-channel-opacity\"\/>\n\n\n\n<h3 class=\"wp-block-heading\"><strong><a href=\"https:\/\/profesordefrancesenmadrid.com\/index.php\/2025\/01\/29\/dalf-c1-exemple-pour-la-production-orale\/\" target=\"_blank\" rel=\"noreferrer noopener\">\u2192 DALF C1 \u2013 Exemple d&#8217;examen de compr\u00e9hension orale avec corrig\u00e9 et transcription (premi\u00e8re partie)<\/a><\/strong><\/h3>\n\n\n<div class=\"wp-block-image\">\n<figure class=\"aligncenter size-full\"><a href=\"https:\/\/profesordefrancesenmadrid.com\/index.php\/2025\/01\/29\/dalf-c1-exemple-pour-la-production-orale\/\" target=\"_blank\" rel=\" noreferrer noopener\"><img data-recalc-dims=\"1\" loading=\"lazy\" decoding=\"async\" width=\"790\" height=\"444\" src=\"https:\/\/i0.wp.com\/profesordefrancesenmadrid.com\/wp-content\/uploads\/2025\/01\/comprehension-orale-c1-couve.jpg?resize=790%2C444&#038;ssl=1\" alt=\"Exemple pour la production orale de l'examen de DALF C1 2025 avec PDF et corrig\u00e9 inclus (premi\u00e8re partie de la compr\u00e9hension).\" class=\"wp-image-13266\" srcset=\"https:\/\/i0.wp.com\/profesordefrancesenmadrid.com\/wp-content\/uploads\/2025\/01\/comprehension-orale-c1-couve.jpg?w=1024&amp;ssl=1 1024w, https:\/\/i0.wp.com\/profesordefrancesenmadrid.com\/wp-content\/uploads\/2025\/01\/comprehension-orale-c1-couve.jpg?resize=300%2C169&amp;ssl=1 300w, https:\/\/i0.wp.com\/profesordefrancesenmadrid.com\/wp-content\/uploads\/2025\/01\/comprehension-orale-c1-couve.jpg?resize=768%2C432&amp;ssl=1 768w\" sizes=\"auto, (max-width: 790px) 100vw, 790px\" \/><\/a><\/figure>\n<\/div>\n\n\n<hr class=\"wp-block-separator has-alpha-channel-opacity\"\/>\n\n\n\n<h3 class=\"wp-block-heading\"><strong><a href=\"https:\/\/profesordefrancesenmadrid.com\/index.php\/2025\/02\/05\/dalf-c1-comprehension-ecrite-deuxieme-partie\/\" target=\"_blank\" rel=\"noreferrer noopener\">\u2192 DALF C1 \u2013 Exemple d&#8217;examen de compr\u00e9hension orale avec corrig\u00e9 et transcription (deuxi\u00e8me partie)<\/a><\/strong><\/h3>\n\n\n\n<figure class=\"wp-block-image size-full\"><a href=\"https:\/\/profesordefrancesenmadrid.com\/index.php\/2025\/02\/05\/dalf-c1-comprehension-ecrite-deuxieme-partie\/\" target=\"_blank\" rel=\" noreferrer noopener\"><img data-recalc-dims=\"1\" loading=\"lazy\" decoding=\"async\" width=\"790\" height=\"444\" src=\"https:\/\/i0.wp.com\/profesordefrancesenmadrid.com\/wp-content\/uploads\/2025\/01\/comprehension-orale-c1-couve.jpg?resize=790%2C444&#038;ssl=1\" alt=\"Exemple pour la production orale de l'examen de DALF C1 2025 avec PDF et corrig\u00e9 inclus (premi\u00e8re partie de la compr\u00e9hension).\" class=\"wp-image-13266\" srcset=\"https:\/\/i0.wp.com\/profesordefrancesenmadrid.com\/wp-content\/uploads\/2025\/01\/comprehension-orale-c1-couve.jpg?w=1024&amp;ssl=1 1024w, https:\/\/i0.wp.com\/profesordefrancesenmadrid.com\/wp-content\/uploads\/2025\/01\/comprehension-orale-c1-couve.jpg?resize=300%2C169&amp;ssl=1 300w, https:\/\/i0.wp.com\/profesordefrancesenmadrid.com\/wp-content\/uploads\/2025\/01\/comprehension-orale-c1-couve.jpg?resize=768%2C432&amp;ssl=1 768w\" sizes=\"auto, (max-width: 790px) 100vw, 790px\" \/><\/a><\/figure>\n\n\n\n<hr class=\"wp-block-separator has-alpha-channel-opacity\"\/>\n\n\n\n<hr class=\"wp-block-separator has-alpha-channel-opacity\"\/>\n","protected":false},"excerpt":{"rendered":"<p>&rarr; DALF C1 &ndash; Conseils et ressources pour la compr&eacute;hension orale &rarr; DALF C1 &ndash; Exemple d&rsquo;examen de compr&eacute;hension orale avec corrig&eacute; et transcription (premi&egrave;re partie) &rarr; DALF C1 &ndash; Exemple d&rsquo;examen de compr&eacute;hension orale avec corrig&eacute; et transcription (deuxi&egrave;me partie)<\/p>\n","protected":false},"author":3,"featured_media":0,"parent":6709,"menu_order":0,"comment_status":"closed","ping_status":"closed","template":"","meta":{"footnotes":""},"class_list":["post-13354","page","type-page","status-publish","hentry"],"yoast_head":"<!-- This site is optimized with the Yoast SEO plugin v27.3 - https:\/\/yoast.com\/product\/yoast-seo-wordpress\/ -->\n<title>DALF C1 - Compr\u00e9hension orale - Ludovic Pedrocchi - profesordefrancesenmadrid.com<\/title>\n<meta name=\"description\" content=\"Conseils, ressources et exemple d&#039;examen de la compr\u00e9hension orale du DALF\" \/>\n<meta name=\"robots\" content=\"index, follow, max-snippet:-1, max-image-preview:large, max-video-preview:-1\" \/>\n<link rel=\"canonical\" href=\"https:\/\/profesordefrancesenmadrid.com\/index.php\/delf-dalf-tcf\/dalf-c1-comprehension-orale\/\" \/>\n<meta property=\"og:locale\" content=\"es_ES\" \/>\n<meta property=\"og:type\" content=\"article\" \/>\n<meta property=\"og:title\" content=\"DALF C1 - Compr\u00e9hension orale - Ludovic Pedrocchi - profesordefrancesenmadrid.com\" \/>\n<meta property=\"og:description\" content=\"Conseils, ressources et exemple d&#039;examen de la compr\u00e9hension orale du DALF\" \/>\n<meta property=\"og:url\" content=\"https:\/\/profesordefrancesenmadrid.com\/index.php\/delf-dalf-tcf\/dalf-c1-comprehension-orale\/\" \/>\n<meta property=\"og:site_name\" content=\"Ludovic Pedrocchi\" \/>\n<meta property=\"article:publisher\" content=\"https:\/\/www.facebook.com\/profesordefrancesenmadrid\" \/>\n<meta property=\"article:modified_time\" content=\"2025-02-06T15:46:46+00:00\" \/>\n<meta property=\"og:image\" content=\"https:\/\/profesordefrancesenmadrid.com\/wp-content\/uploads\/2025\/01\/comprehension-orale-c1-couve.jpg\" \/>\n<meta name=\"twitter:card\" content=\"summary_large_image\" \/>\n<meta name=\"twitter:site\" content=\"@ldpedrocchi\" \/>\n<meta name=\"twitter:label1\" content=\"Tiempo de lectura\" \/>\n\t<meta name=\"twitter:data1\" content=\"1 minuto\" \/>\n<script type=\"application\/ld+json\" class=\"yoast-schema-graph\">{\"@context\":\"https:\\\/\\\/schema.org\",\"@graph\":[{\"@type\":\"WebPage\",\"@id\":\"https:\\\/\\\/profesordefrancesenmadrid.com\\\/index.php\\\/delf-dalf-tcf\\\/dalf-c1-comprehension-orale\\\/\",\"url\":\"https:\\\/\\\/profesordefrancesenmadrid.com\\\/index.php\\\/delf-dalf-tcf\\\/dalf-c1-comprehension-orale\\\/\",\"name\":\"DALF C1 - Compr\u00e9hension orale - Ludovic Pedrocchi - profesordefrancesenmadrid.com\",\"isPartOf\":{\"@id\":\"https:\\\/\\\/profesordefrancesenmadrid.com\\\/#website\"},\"primaryImageOfPage\":{\"@id\":\"https:\\\/\\\/profesordefrancesenmadrid.com\\\/index.php\\\/delf-dalf-tcf\\\/dalf-c1-comprehension-orale\\\/#primaryimage\"},\"image\":{\"@id\":\"https:\\\/\\\/profesordefrancesenmadrid.com\\\/index.php\\\/delf-dalf-tcf\\\/dalf-c1-comprehension-orale\\\/#primaryimage\"},\"thumbnailUrl\":\"https:\\\/\\\/profesordefrancesenmadrid.com\\\/wp-content\\\/uploads\\\/2025\\\/01\\\/comprehension-orale-c1-couve.jpg\",\"datePublished\":\"2025-02-06T14:34:04+00:00\",\"dateModified\":\"2025-02-06T15:46:46+00:00\",\"description\":\"Conseils, ressources et exemple d'examen de la compr\u00e9hension orale du DALF\",\"breadcrumb\":{\"@id\":\"https:\\\/\\\/profesordefrancesenmadrid.com\\\/index.php\\\/delf-dalf-tcf\\\/dalf-c1-comprehension-orale\\\/#breadcrumb\"},\"inLanguage\":\"es\",\"potentialAction\":[{\"@type\":\"ReadAction\",\"target\":[\"https:\\\/\\\/profesordefrancesenmadrid.com\\\/index.php\\\/delf-dalf-tcf\\\/dalf-c1-comprehension-orale\\\/\"]}]},{\"@type\":\"ImageObject\",\"inLanguage\":\"es\",\"@id\":\"https:\\\/\\\/profesordefrancesenmadrid.com\\\/index.php\\\/delf-dalf-tcf\\\/dalf-c1-comprehension-orale\\\/#primaryimage\",\"url\":\"https:\\\/\\\/i0.wp.com\\\/profesordefrancesenmadrid.com\\\/wp-content\\\/uploads\\\/2025\\\/01\\\/comprehension-orale-c1-couve.jpg?fit=1024%2C576&ssl=1\",\"contentUrl\":\"https:\\\/\\\/i0.wp.com\\\/profesordefrancesenmadrid.com\\\/wp-content\\\/uploads\\\/2025\\\/01\\\/comprehension-orale-c1-couve.jpg?fit=1024%2C576&ssl=1\",\"width\":1024,\"height\":576,\"caption\":\"Exemple pour la production orale de l'examen de DALF C1 2025 avec PDF et corrig\u00e9 inclus (premi\u00e8re partie de la compr\u00e9hension).\"},{\"@type\":\"BreadcrumbList\",\"@id\":\"https:\\\/\\\/profesordefrancesenmadrid.com\\\/index.php\\\/delf-dalf-tcf\\\/dalf-c1-comprehension-orale\\\/#breadcrumb\",\"itemListElement\":[{\"@type\":\"ListItem\",\"position\":1,\"name\":\"Accueil\",\"item\":\"https:\\\/\\\/profesordefrancesenmadrid.com\\\/\"},{\"@type\":\"ListItem\",\"position\":2,\"name\":\"Delf-Dalf-Tcf-E.O.I.\",\"item\":\"https:\\\/\\\/profesordefrancesenmadrid.com\\\/index.php\\\/delf-dalf-tcf\\\/\"},{\"@type\":\"ListItem\",\"position\":3,\"name\":\"DALF C1 &#8211; Compr\u00e9hension orale\"}]},{\"@type\":\"WebSite\",\"@id\":\"https:\\\/\\\/profesordefrancesenmadrid.com\\\/#website\",\"url\":\"https:\\\/\\\/profesordefrancesenmadrid.com\\\/\",\"name\":\"Ludovic Pedrocchi\",\"description\":\"Profesor de franc\u00e9s en Madrid desde 2007\",\"publisher\":{\"@id\":\"https:\\\/\\\/profesordefrancesenmadrid.com\\\/#organization\"},\"potentialAction\":[{\"@type\":\"SearchAction\",\"target\":{\"@type\":\"EntryPoint\",\"urlTemplate\":\"https:\\\/\\\/profesordefrancesenmadrid.com\\\/?s={search_term_string}\"},\"query-input\":{\"@type\":\"PropertyValueSpecification\",\"valueRequired\":true,\"valueName\":\"search_term_string\"}}],\"inLanguage\":\"es\"},{\"@type\":\"Organization\",\"@id\":\"https:\\\/\\\/profesordefrancesenmadrid.com\\\/#organization\",\"name\":\"Profesor de franc\u00e9s en Madrid\",\"url\":\"https:\\\/\\\/profesordefrancesenmadrid.com\\\/\",\"logo\":{\"@type\":\"ImageObject\",\"inLanguage\":\"es\",\"@id\":\"https:\\\/\\\/profesordefrancesenmadrid.com\\\/#\\\/schema\\\/logo\\\/image\\\/\",\"url\":\"https:\\\/\\\/i0.wp.com\\\/profesordefrancesenmadrid.com\\\/wp-content\\\/uploads\\\/2019\\\/11\\\/logo-retina4.png?fit=531%2C64&ssl=1\",\"contentUrl\":\"https:\\\/\\\/i0.wp.com\\\/profesordefrancesenmadrid.com\\\/wp-content\\\/uploads\\\/2019\\\/11\\\/logo-retina4.png?fit=531%2C64&ssl=1\",\"width\":531,\"height\":64,\"caption\":\"Profesor de franc\u00e9s en Madrid\"},\"image\":{\"@id\":\"https:\\\/\\\/profesordefrancesenmadrid.com\\\/#\\\/schema\\\/logo\\\/image\\\/\"},\"sameAs\":[\"https:\\\/\\\/www.facebook.com\\\/profesordefrancesenmadrid\",\"https:\\\/\\\/x.com\\\/ldpedrocchi\",\"https:\\\/\\\/www.instagram.com\\\/ludovicpedrocchi\\\/\",\"https:\\\/\\\/www.linkedin.com\\\/company\\\/profesordefrancesenmadrid\\\/\",\"https:\\\/\\\/www.youtube.com\\\/channel\\\/UCDJoG_2eg4zNu5TEKKnWeOQ\"]}]}<\/script>\n<!-- \/ Yoast SEO plugin. -->","yoast_head_json":{"title":"DALF C1 - Compr\u00e9hension orale - Ludovic Pedrocchi - profesordefrancesenmadrid.com","description":"Conseils, ressources et exemple d'examen de la compr\u00e9hension orale du DALF","robots":{"index":"index","follow":"follow","max-snippet":"max-snippet:-1","max-image-preview":"max-image-preview:large","max-video-preview":"max-video-preview:-1"},"canonical":"https:\/\/profesordefrancesenmadrid.com\/index.php\/delf-dalf-tcf\/dalf-c1-comprehension-orale\/","og_locale":"es_ES","og_type":"article","og_title":"DALF C1 - Compr\u00e9hension orale - Ludovic Pedrocchi - profesordefrancesenmadrid.com","og_description":"Conseils, ressources et exemple d'examen de la compr\u00e9hension orale du DALF","og_url":"https:\/\/profesordefrancesenmadrid.com\/index.php\/delf-dalf-tcf\/dalf-c1-comprehension-orale\/","og_site_name":"Ludovic Pedrocchi","article_publisher":"https:\/\/www.facebook.com\/profesordefrancesenmadrid","article_modified_time":"2025-02-06T15:46:46+00:00","og_image":[{"url":"https:\/\/profesordefrancesenmadrid.com\/wp-content\/uploads\/2025\/01\/comprehension-orale-c1-couve.jpg","type":"","width":"","height":""}],"twitter_card":"summary_large_image","twitter_site":"@ldpedrocchi","twitter_misc":{"Tiempo de lectura":"1 minuto"},"schema":{"@context":"https:\/\/schema.org","@graph":[{"@type":"WebPage","@id":"https:\/\/profesordefrancesenmadrid.com\/index.php\/delf-dalf-tcf\/dalf-c1-comprehension-orale\/","url":"https:\/\/profesordefrancesenmadrid.com\/index.php\/delf-dalf-tcf\/dalf-c1-comprehension-orale\/","name":"DALF C1 - Compr\u00e9hension orale - Ludovic Pedrocchi - profesordefrancesenmadrid.com","isPartOf":{"@id":"https:\/\/profesordefrancesenmadrid.com\/#website"},"primaryImageOfPage":{"@id":"https:\/\/profesordefrancesenmadrid.com\/index.php\/delf-dalf-tcf\/dalf-c1-comprehension-orale\/#primaryimage"},"image":{"@id":"https:\/\/profesordefrancesenmadrid.com\/index.php\/delf-dalf-tcf\/dalf-c1-comprehension-orale\/#primaryimage"},"thumbnailUrl":"https:\/\/profesordefrancesenmadrid.com\/wp-content\/uploads\/2025\/01\/comprehension-orale-c1-couve.jpg","datePublished":"2025-02-06T14:34:04+00:00","dateModified":"2025-02-06T15:46:46+00:00","description":"Conseils, ressources et exemple d'examen de la compr\u00e9hension orale du DALF","breadcrumb":{"@id":"https:\/\/profesordefrancesenmadrid.com\/index.php\/delf-dalf-tcf\/dalf-c1-comprehension-orale\/#breadcrumb"},"inLanguage":"es","potentialAction":[{"@type":"ReadAction","target":["https:\/\/profesordefrancesenmadrid.com\/index.php\/delf-dalf-tcf\/dalf-c1-comprehension-orale\/"]}]},{"@type":"ImageObject","inLanguage":"es","@id":"https:\/\/profesordefrancesenmadrid.com\/index.php\/delf-dalf-tcf\/dalf-c1-comprehension-orale\/#primaryimage","url":"https:\/\/i0.wp.com\/profesordefrancesenmadrid.com\/wp-content\/uploads\/2025\/01\/comprehension-orale-c1-couve.jpg?fit=1024%2C576&ssl=1","contentUrl":"https:\/\/i0.wp.com\/profesordefrancesenmadrid.com\/wp-content\/uploads\/2025\/01\/comprehension-orale-c1-couve.jpg?fit=1024%2C576&ssl=1","width":1024,"height":576,"caption":"Exemple pour la production orale de l'examen de DALF C1 2025 avec PDF et corrig\u00e9 inclus (premi\u00e8re partie de la compr\u00e9hension)."},{"@type":"BreadcrumbList","@id":"https:\/\/profesordefrancesenmadrid.com\/index.php\/delf-dalf-tcf\/dalf-c1-comprehension-orale\/#breadcrumb","itemListElement":[{"@type":"ListItem","position":1,"name":"Accueil","item":"https:\/\/profesordefrancesenmadrid.com\/"},{"@type":"ListItem","position":2,"name":"Delf-Dalf-Tcf-E.O.I.","item":"https:\/\/profesordefrancesenmadrid.com\/index.php\/delf-dalf-tcf\/"},{"@type":"ListItem","position":3,"name":"DALF C1 &#8211; Compr\u00e9hension orale"}]},{"@type":"WebSite","@id":"https:\/\/profesordefrancesenmadrid.com\/#website","url":"https:\/\/profesordefrancesenmadrid.com\/","name":"Ludovic Pedrocchi","description":"Profesor de franc\u00e9s en Madrid desde 2007","publisher":{"@id":"https:\/\/profesordefrancesenmadrid.com\/#organization"},"potentialAction":[{"@type":"SearchAction","target":{"@type":"EntryPoint","urlTemplate":"https:\/\/profesordefrancesenmadrid.com\/?s={search_term_string}"},"query-input":{"@type":"PropertyValueSpecification","valueRequired":true,"valueName":"search_term_string"}}],"inLanguage":"es"},{"@type":"Organization","@id":"https:\/\/profesordefrancesenmadrid.com\/#organization","name":"Profesor de franc\u00e9s en Madrid","url":"https:\/\/profesordefrancesenmadrid.com\/","logo":{"@type":"ImageObject","inLanguage":"es","@id":"https:\/\/profesordefrancesenmadrid.com\/#\/schema\/logo\/image\/","url":"https:\/\/i0.wp.com\/profesordefrancesenmadrid.com\/wp-content\/uploads\/2019\/11\/logo-retina4.png?fit=531%2C64&ssl=1","contentUrl":"https:\/\/i0.wp.com\/profesordefrancesenmadrid.com\/wp-content\/uploads\/2019\/11\/logo-retina4.png?fit=531%2C64&ssl=1","width":531,"height":64,"caption":"Profesor de franc\u00e9s en Madrid"},"image":{"@id":"https:\/\/profesordefrancesenmadrid.com\/#\/schema\/logo\/image\/"},"sameAs":["https:\/\/www.facebook.com\/profesordefrancesenmadrid","https:\/\/x.com\/ldpedrocchi","https:\/\/www.instagram.com\/ludovicpedrocchi\/","https:\/\/www.linkedin.com\/company\/profesordefrancesenmadrid\/","https:\/\/www.youtube.com\/channel\/UCDJoG_2eg4zNu5TEKKnWeOQ"]}]}},"jetpack_sharing_enabled":true,"jetpack_likes_enabled":true,"jetpack-related-posts":[],"rttpg_featured_image_url":null,"rttpg_author":{"display_name":"Ludovic Pedrocchi","author_link":"https:\/\/profesordefrancesenmadrid.com\/index.php\/author\/ludovicpedrocchi\/"},"rttpg_comment":0,"rttpg_category":null,"rttpg_excerpt":"&rarr; DALF C1 &ndash; Conseils et ressources pour la compr&eacute;hension orale &rarr; DALF C1 &ndash; Exemple d&rsquo;examen de compr&eacute;hension orale avec corrig&eacute; et transcription (premi&egrave;re partie) &rarr; DALF C1 &ndash; Exemple d&rsquo;examen de compr&eacute;hension orale avec corrig&eacute; et transcription (deuxi&egrave;me partie)","_links":{"self":[{"href":"https:\/\/profesordefrancesenmadrid.com\/index.php\/wp-json\/wp\/v2\/pages\/13354","targetHints":{"allow":["GET"]}}],"collection":[{"href":"https:\/\/profesordefrancesenmadrid.com\/index.php\/wp-json\/wp\/v2\/pages"}],"about":[{"href":"https:\/\/profesordefrancesenmadrid.com\/index.php\/wp-json\/wp\/v2\/types\/page"}],"author":[{"embeddable":true,"href":"https:\/\/profesordefrancesenmadrid.com\/index.php\/wp-json\/wp\/v2\/users\/3"}],"replies":[{"embeddable":true,"href":"https:\/\/profesordefrancesenmadrid.com\/index.php\/wp-json\/wp\/v2\/comments?post=13354"}],"version-history":[{"count":1,"href":"https:\/\/profesordefrancesenmadrid.com\/index.php\/wp-json\/wp\/v2\/pages\/13354\/revisions"}],"predecessor-version":[{"id":13355,"href":"https:\/\/profesordefrancesenmadrid.com\/index.php\/wp-json\/wp\/v2\/pages\/13354\/revisions\/13355"}],"up":[{"embeddable":true,"href":"https:\/\/profesordefrancesenmadrid.com\/index.php\/wp-json\/wp\/v2\/pages\/6709"}],"wp:attachment":[{"href":"https:\/\/profesordefrancesenmadrid.com\/index.php\/wp-json\/wp\/v2\/media?parent=13354"}],"curies":[{"name":"wp","href":"https:\/\/api.w.org\/{rel}","templated":true}]}}