{"id":1184,"date":"2016-09-05T19:26:14","date_gmt":"2016-09-05T19:26:14","guid":{"rendered":"http:\/\/demos.famethemes.com\/screenr\/?page_id=8"},"modified":"2019-12-27T19:11:39","modified_gmt":"2019-12-27T18:11:39","slug":"acerca-de-ludovic","status":"publish","type":"page","link":"https:\/\/profesordefrancesenmadrid.com\/index.php\/acerca-de-ludovic\/","title":{"rendered":"ACERCA DE LUDOVIC"},"content":{"rendered":"<p><img data-recalc-dims=\"1\" loading=\"lazy\" decoding=\"async\" class=\"size-large wp-image-16 aligncenter\" src=\"https:\/\/i0.wp.com\/profesordefrancesenmadrid.com\/wp-content\/uploads\/2016\/09\/pexels-photo.jpg?resize=790%2C523&#038;ssl=1\" alt=\"\" width=\"790\" height=\"523\" srcset=\"https:\/\/i0.wp.com\/profesordefrancesenmadrid.com\/wp-content\/uploads\/2016\/09\/pexels-photo.jpg?resize=1024%2C678&amp;ssl=1 1024w, https:\/\/i0.wp.com\/profesordefrancesenmadrid.com\/wp-content\/uploads\/2016\/09\/pexels-photo.jpg?resize=300%2C199&amp;ssl=1 300w, https:\/\/i0.wp.com\/profesordefrancesenmadrid.com\/wp-content\/uploads\/2016\/09\/pexels-photo.jpg?resize=768%2C508&amp;ssl=1 768w, https:\/\/i0.wp.com\/profesordefrancesenmadrid.com\/wp-content\/uploads\/2016\/09\/pexels-photo.jpg?w=1280&amp;ssl=1 1280w\" sizes=\"auto, (max-width: 790px) 100vw, 790px\" \/><\/p>\n","protected":false},"excerpt":{"rendered":"","protected":false},"author":3,"featured_media":0,"parent":0,"menu_order":0,"comment_status":"closed","ping_status":"closed","template":"","meta":{"footnotes":""},"class_list":["post-1184","page","type-page","status-publish","hentry"],"yoast_head":"<!-- This site is optimized with the Yoast SEO plugin v27.4 - https:\/\/yoast.com\/product\/yoast-seo-wordpress\/ -->\n<title>ACERCA DE LUDOVIC - Ludovic Pedrocchi<\/title>\n<meta name=\"description\" content=\"Profesor de franc\u00e9s nativo (Par\u00eds), con +10 a\u00f1os de experiencia en entornos corporativos (banca, empresas multinacionales), academias (Atribord Espa\u00f1a) y clases particulares.Licenciado en estudios cinematogr\u00e1ficos por la Universidad Sorbona, Diploma de Estudios Avanzados en Teor\u00eda de la Est\u00e9tica.\" \/>\n<meta name=\"robots\" content=\"index, follow, max-snippet:-1, max-image-preview:large, max-video-preview:-1\" \/>\n<link rel=\"canonical\" href=\"https:\/\/profesordefrancesenmadrid.com\/index.php\/acerca-de-ludovic\/\" \/>\n<meta property=\"og:locale\" content=\"es_ES\" \/>\n<meta property=\"og:type\" content=\"article\" \/>\n<meta property=\"og:title\" content=\"ACERCA DE LUDOVIC - Ludovic Pedrocchi\" \/>\n<meta property=\"og:description\" content=\"Profesor de franc\u00e9s nativo (Par\u00eds), con +10 a\u00f1os de experiencia en entornos corporativos (banca, empresas multinacionales), academias (Atribord Espa\u00f1a) y clases particulares.Licenciado en estudios cinematogr\u00e1ficos por la Universidad Sorbona, Diploma de Estudios Avanzados en Teor\u00eda de la Est\u00e9tica.\" \/>\n<meta property=\"og:url\" content=\"https:\/\/profesordefrancesenmadrid.com\/index.php\/acerca-de-ludovic\/\" \/>\n<meta property=\"og:site_name\" content=\"Ludovic Pedrocchi\" \/>\n<meta property=\"article:publisher\" content=\"https:\/\/www.facebook.com\/profesordefrancesenmadrid\" \/>\n<meta property=\"article:modified_time\" content=\"2019-12-27T18:11:39+00:00\" \/>\n<meta property=\"og:image\" content=\"http:\/\/profesordefrancesenmadrid.com\/wp-content\/uploads\/2016\/09\/pexels-photo-1024x678.jpg\" \/>\n<meta name=\"twitter:card\" content=\"summary_large_image\" \/>\n<meta name=\"twitter:site\" content=\"@ldpedrocchi\" \/>\n<script type=\"application\/ld+json\" class=\"yoast-schema-graph\">{\"@context\":\"https:\\\/\\\/schema.org\",\"@graph\":[{\"@type\":\"WebPage\",\"@id\":\"https:\\\/\\\/profesordefrancesenmadrid.com\\\/index.php\\\/acerca-de-ludovic\\\/\",\"url\":\"https:\\\/\\\/profesordefrancesenmadrid.com\\\/index.php\\\/acerca-de-ludovic\\\/\",\"name\":\"ACERCA DE LUDOVIC - Ludovic Pedrocchi\",\"isPartOf\":{\"@id\":\"https:\\\/\\\/profesordefrancesenmadrid.com\\\/#website\"},\"primaryImageOfPage\":{\"@id\":\"https:\\\/\\\/profesordefrancesenmadrid.com\\\/index.php\\\/acerca-de-ludovic\\\/#primaryimage\"},\"image\":{\"@id\":\"https:\\\/\\\/profesordefrancesenmadrid.com\\\/index.php\\\/acerca-de-ludovic\\\/#primaryimage\"},\"thumbnailUrl\":\"http:\\\/\\\/profesordefrancesenmadrid.com\\\/wp-content\\\/uploads\\\/2016\\\/09\\\/pexels-photo-1024x678.jpg\",\"datePublished\":\"2016-09-05T19:26:14+00:00\",\"dateModified\":\"2019-12-27T18:11:39+00:00\",\"description\":\"Profesor de franc\u00e9s nativo (Par\u00eds), con +10 a\u00f1os de experiencia en entornos corporativos (banca, empresas multinacionales), academias (Atribord Espa\u00f1a) y clases particulares.Licenciado en estudios cinematogr\u00e1ficos por la Universidad Sorbona, Diploma de Estudios Avanzados en Teor\u00eda de la Est\u00e9tica.\",\"breadcrumb\":{\"@id\":\"https:\\\/\\\/profesordefrancesenmadrid.com\\\/index.php\\\/acerca-de-ludovic\\\/#breadcrumb\"},\"inLanguage\":\"es\",\"potentialAction\":[{\"@type\":\"ReadAction\",\"target\":[\"https:\\\/\\\/profesordefrancesenmadrid.com\\\/index.php\\\/acerca-de-ludovic\\\/\"]}]},{\"@type\":\"ImageObject\",\"inLanguage\":\"es\",\"@id\":\"https:\\\/\\\/profesordefrancesenmadrid.com\\\/index.php\\\/acerca-de-ludovic\\\/#primaryimage\",\"url\":\"http:\\\/\\\/profesordefrancesenmadrid.com\\\/wp-content\\\/uploads\\\/2016\\\/09\\\/pexels-photo-1024x678.jpg\",\"contentUrl\":\"http:\\\/\\\/profesordefrancesenmadrid.com\\\/wp-content\\\/uploads\\\/2016\\\/09\\\/pexels-photo-1024x678.jpg\"},{\"@type\":\"BreadcrumbList\",\"@id\":\"https:\\\/\\\/profesordefrancesenmadrid.com\\\/index.php\\\/acerca-de-ludovic\\\/#breadcrumb\",\"itemListElement\":[{\"@type\":\"ListItem\",\"position\":1,\"name\":\"Accueil\",\"item\":\"https:\\\/\\\/profesordefrancesenmadrid.com\\\/\"},{\"@type\":\"ListItem\",\"position\":2,\"name\":\"ACERCA DE LUDOVIC\"}]},{\"@type\":\"WebSite\",\"@id\":\"https:\\\/\\\/profesordefrancesenmadrid.com\\\/#website\",\"url\":\"https:\\\/\\\/profesordefrancesenmadrid.com\\\/\",\"name\":\"Ludovic Pedrocchi\",\"description\":\"Profesor de franc\u00e9s en Madrid desde 2007\",\"publisher\":{\"@id\":\"https:\\\/\\\/profesordefrancesenmadrid.com\\\/#organization\"},\"potentialAction\":[{\"@type\":\"SearchAction\",\"target\":{\"@type\":\"EntryPoint\",\"urlTemplate\":\"https:\\\/\\\/profesordefrancesenmadrid.com\\\/?s={search_term_string}\"},\"query-input\":{\"@type\":\"PropertyValueSpecification\",\"valueRequired\":true,\"valueName\":\"search_term_string\"}}],\"inLanguage\":\"es\"},{\"@type\":\"Organization\",\"@id\":\"https:\\\/\\\/profesordefrancesenmadrid.com\\\/#organization\",\"name\":\"Profesor de franc\u00e9s en Madrid\",\"url\":\"https:\\\/\\\/profesordefrancesenmadrid.com\\\/\",\"logo\":{\"@type\":\"ImageObject\",\"inLanguage\":\"es\",\"@id\":\"https:\\\/\\\/profesordefrancesenmadrid.com\\\/#\\\/schema\\\/logo\\\/image\\\/\",\"url\":\"https:\\\/\\\/i0.wp.com\\\/profesordefrancesenmadrid.com\\\/wp-content\\\/uploads\\\/2019\\\/11\\\/logo-retina4.png?fit=531%2C64&ssl=1\",\"contentUrl\":\"https:\\\/\\\/i0.wp.com\\\/profesordefrancesenmadrid.com\\\/wp-content\\\/uploads\\\/2019\\\/11\\\/logo-retina4.png?fit=531%2C64&ssl=1\",\"width\":531,\"height\":64,\"caption\":\"Profesor de franc\u00e9s en Madrid\"},\"image\":{\"@id\":\"https:\\\/\\\/profesordefrancesenmadrid.com\\\/#\\\/schema\\\/logo\\\/image\\\/\"},\"sameAs\":[\"https:\\\/\\\/www.facebook.com\\\/profesordefrancesenmadrid\",\"https:\\\/\\\/x.com\\\/ldpedrocchi\",\"https:\\\/\\\/www.instagram.com\\\/ludovicpedrocchi\\\/\",\"https:\\\/\\\/www.linkedin.com\\\/company\\\/profesordefrancesenmadrid\\\/\",\"https:\\\/\\\/www.youtube.com\\\/channel\\\/UCDJoG_2eg4zNu5TEKKnWeOQ\"]}]}<\/script>\n<!-- \/ Yoast SEO plugin. -->","yoast_head_json":{"title":"ACERCA DE LUDOVIC - Ludovic Pedrocchi","description":"Profesor de franc\u00e9s nativo (Par\u00eds), con +10 a\u00f1os de experiencia en entornos corporativos (banca, empresas multinacionales), academias (Atribord Espa\u00f1a) y clases particulares.Licenciado en estudios cinematogr\u00e1ficos por la Universidad Sorbona, Diploma de Estudios Avanzados en Teor\u00eda de la Est\u00e9tica.","robots":{"index":"index","follow":"follow","max-snippet":"max-snippet:-1","max-image-preview":"max-image-preview:large","max-video-preview":"max-video-preview:-1"},"canonical":"https:\/\/profesordefrancesenmadrid.com\/index.php\/acerca-de-ludovic\/","og_locale":"es_ES","og_type":"article","og_title":"ACERCA DE LUDOVIC - Ludovic Pedrocchi","og_description":"Profesor de franc\u00e9s nativo (Par\u00eds), con +10 a\u00f1os de experiencia en entornos corporativos (banca, empresas multinacionales), academias (Atribord Espa\u00f1a) y clases particulares.Licenciado en estudios cinematogr\u00e1ficos por la Universidad Sorbona, Diploma de Estudios Avanzados en Teor\u00eda de la Est\u00e9tica.","og_url":"https:\/\/profesordefrancesenmadrid.com\/index.php\/acerca-de-ludovic\/","og_site_name":"Ludovic Pedrocchi","article_publisher":"https:\/\/www.facebook.com\/profesordefrancesenmadrid","article_modified_time":"2019-12-27T18:11:39+00:00","og_image":[{"url":"http:\/\/profesordefrancesenmadrid.com\/wp-content\/uploads\/2016\/09\/pexels-photo-1024x678.jpg","type":"","width":"","height":""}],"twitter_card":"summary_large_image","twitter_site":"@ldpedrocchi","schema":{"@context":"https:\/\/schema.org","@graph":[{"@type":"WebPage","@id":"https:\/\/profesordefrancesenmadrid.com\/index.php\/acerca-de-ludovic\/","url":"https:\/\/profesordefrancesenmadrid.com\/index.php\/acerca-de-ludovic\/","name":"ACERCA DE LUDOVIC - Ludovic Pedrocchi","isPartOf":{"@id":"https:\/\/profesordefrancesenmadrid.com\/#website"},"primaryImageOfPage":{"@id":"https:\/\/profesordefrancesenmadrid.com\/index.php\/acerca-de-ludovic\/#primaryimage"},"image":{"@id":"https:\/\/profesordefrancesenmadrid.com\/index.php\/acerca-de-ludovic\/#primaryimage"},"thumbnailUrl":"http:\/\/profesordefrancesenmadrid.com\/wp-content\/uploads\/2016\/09\/pexels-photo-1024x678.jpg","datePublished":"2016-09-05T19:26:14+00:00","dateModified":"2019-12-27T18:11:39+00:00","description":"Profesor de franc\u00e9s nativo (Par\u00eds), con +10 a\u00f1os de experiencia en entornos corporativos (banca, empresas multinacionales), academias (Atribord Espa\u00f1a) y clases particulares.Licenciado en estudios cinematogr\u00e1ficos por la Universidad Sorbona, Diploma de Estudios Avanzados en Teor\u00eda de la Est\u00e9tica.","breadcrumb":{"@id":"https:\/\/profesordefrancesenmadrid.com\/index.php\/acerca-de-ludovic\/#breadcrumb"},"inLanguage":"es","potentialAction":[{"@type":"ReadAction","target":["https:\/\/profesordefrancesenmadrid.com\/index.php\/acerca-de-ludovic\/"]}]},{"@type":"ImageObject","inLanguage":"es","@id":"https:\/\/profesordefrancesenmadrid.com\/index.php\/acerca-de-ludovic\/#primaryimage","url":"http:\/\/profesordefrancesenmadrid.com\/wp-content\/uploads\/2016\/09\/pexels-photo-1024x678.jpg","contentUrl":"http:\/\/profesordefrancesenmadrid.com\/wp-content\/uploads\/2016\/09\/pexels-photo-1024x678.jpg"},{"@type":"BreadcrumbList","@id":"https:\/\/profesordefrancesenmadrid.com\/index.php\/acerca-de-ludovic\/#breadcrumb","itemListElement":[{"@type":"ListItem","position":1,"name":"Accueil","item":"https:\/\/profesordefrancesenmadrid.com\/"},{"@type":"ListItem","position":2,"name":"ACERCA DE LUDOVIC"}]},{"@type":"WebSite","@id":"https:\/\/profesordefrancesenmadrid.com\/#website","url":"https:\/\/profesordefrancesenmadrid.com\/","name":"Ludovic Pedrocchi","description":"Profesor de franc\u00e9s en Madrid desde 2007","publisher":{"@id":"https:\/\/profesordefrancesenmadrid.com\/#organization"},"potentialAction":[{"@type":"SearchAction","target":{"@type":"EntryPoint","urlTemplate":"https:\/\/profesordefrancesenmadrid.com\/?s={search_term_string}"},"query-input":{"@type":"PropertyValueSpecification","valueRequired":true,"valueName":"search_term_string"}}],"inLanguage":"es"},{"@type":"Organization","@id":"https:\/\/profesordefrancesenmadrid.com\/#organization","name":"Profesor de franc\u00e9s en Madrid","url":"https:\/\/profesordefrancesenmadrid.com\/","logo":{"@type":"ImageObject","inLanguage":"es","@id":"https:\/\/profesordefrancesenmadrid.com\/#\/schema\/logo\/image\/","url":"https:\/\/i0.wp.com\/profesordefrancesenmadrid.com\/wp-content\/uploads\/2019\/11\/logo-retina4.png?fit=531%2C64&ssl=1","contentUrl":"https:\/\/i0.wp.com\/profesordefrancesenmadrid.com\/wp-content\/uploads\/2019\/11\/logo-retina4.png?fit=531%2C64&ssl=1","width":531,"height":64,"caption":"Profesor de franc\u00e9s en Madrid"},"image":{"@id":"https:\/\/profesordefrancesenmadrid.com\/#\/schema\/logo\/image\/"},"sameAs":["https:\/\/www.facebook.com\/profesordefrancesenmadrid","https:\/\/x.com\/ldpedrocchi","https:\/\/www.instagram.com\/ludovicpedrocchi\/","https:\/\/www.linkedin.com\/company\/profesordefrancesenmadrid\/","https:\/\/www.youtube.com\/channel\/UCDJoG_2eg4zNu5TEKKnWeOQ"]}]}},"jetpack_sharing_enabled":true,"jetpack_likes_enabled":true,"jetpack-related-posts":[],"rttpg_featured_image_url":null,"rttpg_author":{"display_name":"Ludovic Pedrocchi","author_link":"https:\/\/profesordefrancesenmadrid.com\/index.php\/author\/ludovicpedrocchi\/"},"rttpg_comment":0,"rttpg_category":null,"rttpg_excerpt":null,"_links":{"self":[{"href":"https:\/\/profesordefrancesenmadrid.com\/index.php\/wp-json\/wp\/v2\/pages\/1184","targetHints":{"allow":["GET"]}}],"collection":[{"href":"https:\/\/profesordefrancesenmadrid.com\/index.php\/wp-json\/wp\/v2\/pages"}],"about":[{"href":"https:\/\/profesordefrancesenmadrid.com\/index.php\/wp-json\/wp\/v2\/types\/page"}],"author":[{"embeddable":true,"href":"https:\/\/profesordefrancesenmadrid.com\/index.php\/wp-json\/wp\/v2\/users\/3"}],"replies":[{"embeddable":true,"href":"https:\/\/profesordefrancesenmadrid.com\/index.php\/wp-json\/wp\/v2\/comments?post=1184"}],"version-history":[{"count":7,"href":"https:\/\/profesordefrancesenmadrid.com\/index.php\/wp-json\/wp\/v2\/pages\/1184\/revisions"}],"predecessor-version":[{"id":1660,"href":"https:\/\/profesordefrancesenmadrid.com\/index.php\/wp-json\/wp\/v2\/pages\/1184\/revisions\/1660"}],"wp:attachment":[{"href":"https:\/\/profesordefrancesenmadrid.com\/index.php\/wp-json\/wp\/v2\/media?parent=1184"}],"curies":[{"name":"wp","href":"https:\/\/api.w.org\/{rel}","templated":true}]}}